 divided by 54?
52
Calculate the remainder when 2023118 is divided by 760.
758
What is the remainder when 5557 is divided by 1852?
1
Calculate the remainder when 48123 is divided by 26.
23
What is the remainder when 802 is divided by 706?
96
What is the remainder when 57369 is divided by 113?
78
Calculate the remainder when 408651 is divided by 181.
134
Calculate the remainder when 981 is divided by 298.
87
What is the remainder when 3003 is divided by 993?
24
What is the remainder when 856 is divided by 22?
20
What is the remainder when 7545802 is divided by 42?
40
What is the remainder when 78966 is divided by 298?
294
Calculate the remainder when 1295 is divided by 1110.
185
Calculate the remainder when 5444 is divided by 27.
17
What is the remainder when 34009 is divided by 9?
7
What is the remainder when 500 is divided by 25?
0
What is the remainder when 397360 is divided by 806?
2
Calculate the remainder when 5088 is divided by 393.
372
Calculate the remainder when 144871 is divided by 6584.
23
Calculate the remainder when 39029 is divided by 136.
133
What is the remainder when 381997 is divided by 1572?
1
What is the remainder when 1618 is divided by 119?
71
What is the remainder when 236436 is divided by 118216?
4
Calculate the remainder when 9503 is divided by 107.
87
What is the remainder when 60591 is divided by 1107?
813
What is the remainder when 59286 is divided by 359?
51
What is the remainder when 63671 is divided by 65?
36
What is the remainder when 103684 is divided by 277?
86
What is the remainder when 1159 is divided by 192?
7
What is the remainder when 7173 is divided by 13?
10
Calculate the remainder when 3309 is divided by 46.
43
What is the remainder when 7071 is divided by 74?
41
What is the remainder when 1982 is divided by 60?
2
What is the remainder when 14755 is divided by 62?
61
What is the remainder when 4913 is divided by 4406?
507
What is the remainder when 334780 is divided by 17?
16
What is the remainder when 7029 is divided by 3410?
209
Calculate the remainder when 369387 is divided by 144.
27
Calculate the remainder when 20410 is divided by 498.
490
Calculate the remainder when 8149 is divided by 8054.
95
What is the remainder when 10942134 is divided by 239?
236
What is the remainder when 71542 is divided by 195?
172
What is the remainder when 15149 is divided by 559?
56
Calculate the remainder when 85547 is divided by 63.
56
Calculate the remainder when 2308 is divided by 210.
208
What is the remainder when 11380 is divided by 158?
4
What is the remainder when 4509 is divided by 459?
378
What is the remainder when 43360 is divided by 21676?
8
Calculate the remainder when 161722 is divided by 477.
19
What is the remainder when 777 is divided by 766?
11
Calculate the remainder when 93149 is divided by 887.
14
Calculate the remainder when 85455 is divided by 42708.
39
Calculate the remainder when 1094677 is divided by 40.
37
Calculate the remainder when 60630 is divided by 8661.
3
What is the remainder when 730855 is divided by 434?
433
What is the remainder when 967962 is divided by 15?
12
Calculate the remainder when 75058 is divided by 47.
46
Calculate the remainder when 34390 is divided by 472.
406
What is the remainder when 9202 is divided by 9163?
39
What is the remainder when 6305 is divided by 6141?
164
Calculate the remainder when 1754289 is divided by 15.
9
What is the remainder when 101155 is divided by 1944?
67
Calculate the remainder when 53590 is divided by 56.
54
Calculate the remainder when 2235948 is divided by 1946.
1940
What is the remainder when 43234 is divided by 9?
7
Calculate the remainder when 670676 is divided by 108.
104
Calculate the remainder when 54686 is divided by 218.
186
What is the remainder when 50077 is divided by 43?
25
Calculate the remainder when 380 is divided by 58.
32
Calculate the remainder when 7591 is divided by 62.
27
What is the remainder when 30338 is divided by 108?
98
What is the remainder when 53070 is divided by 53037?
33
What is the remainder when 9370 is divided by 36?
10
What is the remainder when 54031 is divided by 3?
1
Calculate the remainder when 2710 is divided by 1040.
630
Calculate the remainder when 221457 is divided by 28.
5
What is the remainder when 1395 is divided by 300?
195
Calculate the remainder when 2874 is divided by 812.
438
What is the remainder when 1363 is divided by 693?
670
What is the remainder when 70940 is divided by 61?
58
Calculate the remainder when 134467 is divided by 71.
64
What is the remainder when 95831 is divided by 19165?
6
Calculate the remainder when 237698 is divided by 33.
32
Calculate the remainder when 2833 is divided by 50.
33
Calculate the remainder when 14109 is divided by 72.
69
What is the remainder when 2461 is divided by 88?
85
Calculate the remainder when 52190 is divided by 109.
88
Calculate the remainder when 72355 is divided by 41.
31
Calculate the remainder when 318540 is divided by 373.
371
Calculate the remainder when 9484893 is divided by 16.
13
What is the remainder when 9915 is divided by 1393?
164
Calculate the remainder when 22557 is divided by 16.
13
Calculate the remainder when 17506 is divided by 1750.
6
What is the remainder when 207154 is divided by 183?
181
What is the remainder when 179362 is divided by 44835?
22
What is the remainder when 6865 is divided by 1362?
55
What is the remainder when 4624 is divided by 2?
0
What is the remainder when 18542 is divided by 4632?
14
What is the remainder when 4549 is divided by 560?
69
What is the remainder when 4974 is divided by 7?
4
Calculate the remainder when 303723 is divided by 60743.
8
What is the remainder when 5175 is divided by 2320?
535
Calculate the remainder when 17028 is divided by 1697.
58
What is the remainder when 5456 is divided by 143?
22
Calculate the remainder when 2335 is divided by 160.
95
Calculate the remainder when 7811676 is divided by 19.
16
What is the remainder when 9976 is divided by 1228?
152
Calculate the remainder when 17715 is divided by 814.
621
What is the remainder when 776327 is divided by 242?
233
Calculate the remainder when 164217 is divided by 105.
102
What is the remainder when 11280 is divided by 162?
102
What is the remainder when 4272 is divided by 1425?
1422
Calculate the remainder when 55771 is divided by 13936.
27
What is the remainder when 142076 is divided by 72?
20
What is the remainder when 1609 is divided by 484?
157
What is the remainder when 7245 is divided by 724?
5
What is the remainder when 6795 is divided by 331?
175
What is the remainder when 119854 is divided by 130?
124
What is the remainder when 10182 is divided by 810?
462
Calculate the remainder when 12730 is divided by 562.
366
What is the remainder when 32993 is divided by 1220?
53
What is the remainder when 1060717 is divided by 27?
22
Calculate the remainder when 279905 is divided by 69975.
5
Calculate the remainder when 11151 is divided by 749.
665
What is the remainder when 12510 is divided by 68?
66
Calculate the remainder when 787 is divided by 50.
37
Calculate the remainder when 318 is divided by 33.
21
Calculate the remainder when 5602294 is divided by 13.
9
Calculate the remainder when 92812 is divided by 2442.
16
Calculate the remainder when 15111 is divided by 219.
0
What is the remainder when 4151 is divided by 732?
491
Calculate the remainder when 568413 is divided by 7.
6
Calculate the remainder when 2836 is divided by 666.
172
What is the remainder when 271164 is divided by 221?
218
What is the remainder when 52146 is divided by 152?
10
Calculate the remainder when 265644 is divided by 219.
216
Calculate the remainder when 4041 is divided by 121.
48
What is the remainder when 30085 is divided by 1269?
898
What is the remainder when 7604 is divided by 3762?
80
Calculate the remainder when 9412 is divided by 9408.
4
Calculate the remainder when 4125604 is divided by 55.
54
Calculate the remainder when 20907 is divided by 57.
45
Calculate the remainder when 87237 is divided by 728.
605
Calculate the remainder when 5397 is divided by 300.
297
What is the remainder when 19377 is divided by 842?
11
Calculate the remainder when 28239 is divided by 269.
263
Calculate the remainder when 264762 is divided by 208.
186